{"id":9,"date":"2011-07-06T22:25:27","date_gmt":"2011-07-06T20:25:27","guid":{"rendered":"http:\/\/www.teatr-gorzow.pl\/bip\/?page_id=9"},"modified":"2023-09-14T18:05:38","modified_gmt":"2023-09-14T16:05:38","slug":"regulamin-pracy","status":"publish","type":"page","link":"http:\/\/bip.teatr-gorzow.pl\/index.php\/oficjalne-dokumenty\/regulamin-pracy","title":{"rendered":"Regulamin pracy"},"content":{"rendered":"<p style=\"text-align: center;\">REGULAMIN PRACY<br \/>\nTEATRU IM. JULIUSZA OSTERWY<br \/>\nW GORZOWIE WLKP.<br \/>\nobowi\u0105zuj\u0105cy od dnia 1 wrze\u015bnia 2023 r.<\/p>\n<p><a href=\"https:\/\/bip.teatr-gorzow.pl\/index.php\/oficjalne-dokumenty\/regulamin-pracy\/regulamin-pracy-2\" rel=\"attachment wp-att-4018\">Regulamin pracy<\/a><\/p>\n","protected":false},"excerpt":{"rendered":"<p>REGULAMIN PRACY TEATRU IM. JULIUSZA OSTERWY W GORZOWIE WLKP. obowi\u0105zuj\u0105cy od dnia 1 wrze\u015bnia 2023 r. Regulamin pracy<\/p>\n","protected":false},"author":2,"featured_media":0,"parent":103,"menu_order":3,"comment_status":"closed","ping_status":"closed","template":"","meta":{"footnotes":""},"class_list":["post-9","page","type-page","status-publish","hentry"],"publishpress_future_action":{"enabled":false,"date":"2026-04-24 17:50:31","action":"change-status","newStatus":"draft","terms":[],"taxonomy":""},"publishpress_future_workflow_manual_trigger":{"enabledWorkflows":[]},"_links":{"self":[{"href":"http:\/\/bip.teatr-gorzow.pl\/index.php\/wp-json\/wp\/v2\/pages\/9","targetHints":{"allow":["GET"]}}],"collection":[{"href":"http:\/\/bip.teatr-gorzow.pl\/index.php\/wp-json\/wp\/v2\/pages"}],"about":[{"href":"http:\/\/bip.teatr-gorzow.pl\/index.php\/wp-json\/wp\/v2\/types\/page"}],"author":[{"embeddable":true,"href":"http:\/\/bip.teatr-gorzow.pl\/index.php\/wp-json\/wp\/v2\/users\/2"}],"replies":[{"embeddable":true,"href":"http:\/\/bip.teatr-gorzow.pl\/index.php\/wp-json\/wp\/v2\/comments?post=9"}],"version-history":[{"count":21,"href":"http:\/\/bip.teatr-gorzow.pl\/index.php\/wp-json\/wp\/v2\/pages\/9\/revisions"}],"predecessor-version":[{"id":11,"href":"http:\/\/bip.teatr-gorzow.pl\/index.php\/wp-json\/wp\/v2\/pages\/9\/revisions\/11"}],"up":[{"embeddable":true,"href":"http:\/\/bip.teatr-gorzow.pl\/index.php\/wp-json\/wp\/v2\/pages\/103"}],"wp:attachment":[{"href":"http:\/\/bip.teatr-gorzow.pl\/index.php\/wp-json\/wp\/v2\/media?parent=9"}],"curies":[{"name":"wp","href":"https:\/\/api.w.org\/{rel}","templated":true}]}}